*u. List the prime factors of c.
2, 13
Let k(l) = -117*l - 6. Suppose 0 = -2*g + 5*s - 27, 2*s - 2 = -3*g + s. What are the prime factors of k(g)?
3, 37
Suppose 4*i = 3618 - 338. List the prime factors of i.
2, 5, 41
Let t = 79 + 17. Let x = t + -18. List the prime factors of x.
2, 3, 13
Let j(s) = -115*s + 303. What are the prime factors of j(-9)?
2, 3, 223
Let h = 9 + -5. Suppose 3*j + 2*c + 24 - 336 = 0, -5*c + 416 = h*j. What are the prime factors of j?
2, 13
Let o(q) = q**2 + 8*q + 7. Let r be o(-7). Suppose -s - s + 54 = r. What are the prime factors of s?
3
Suppose 2*t = -5*x + 148, 0 = 3*t - 2*t - 2*x - 74. Suppose 2*g + 0*g - t = 0. Let y = g - 27. List the prime factors of y.
2, 5
Suppose -2*q + p + 10 = 0, -4*q + 14 = -0*q + p. Suppose -q*n + 59 = -485. Let z = n - 76. What are the prime factors of z?
2, 3, 5
Let z = -1212 + 1873. List the prime factors of z.
661
Let n be ((-4)/(-7))/((-15)/21 - -1). Suppose n*w + 10 = 0, 4*w + 123 + 49 = 2*h. List the prime factors of h.
2, 19
List the prime factors of 310 + (4 - 1)*-1 - 2.
5, 61
Let g(m) = -31*m + 3. Let a(j) = -j**3 - 3*j**2 + 4*j - 1. Let c be a(-4). What are the prime factors of g(c)?
2, 17
Suppose 4*r + 2 = 2*c + 4, -4*r + c + 1 = 0. Suppose -s + 0*d + 4*d + 15 = r, -5*d = -2*s + 33. List the prime factors of s.
19
Let x = -143 + 593. What are the prime factors of x?
2, 3, 5
Suppose -28*f + 16524 = 2888. What are the prime factors of f?
487
Suppose 0 = 5*z + 3*b - 50, 4*b - b = 2*z - 41. Let f be 6 + -3 + -6 - -50. Let n = f - z. List the prime factors of n.
2, 17
Suppose -15*d + 4*d + 319 = 0. What are the prime factors of d?
29
Let m(y) = -286*y - 742. What are the prime factors of m(-20)?
2, 19, 131
Suppose 0 = -3*l - 2*l. Suppose -w + 2*o + 9 = 0, -w + l*w - 3*o + 4 = 0. Let a(q) = 5*q - 3. What are the prime factors of a(w)?
2
Suppose 0 = -f - 0 - 6. Let v = 4 + f. List the prime factors of ((-32)/(-40))/(v/(-35)).
2, 7
Suppose -4*c + 10*c + 18 = 0. Let k be (-10)/(-15) - 61/c. Let m = k - 5. What are the prime factors of m?
2
Let i = -15 + 27. Let f be 6/i + (-106)/4. Let s = f + 57. List the prime factors of s.
31
Suppose 13*h = 8*h + 4020. Suppose 0*w - h = -6*w. What are the prime factors of w?
2, 67
Let s(z) = -7*z**3 - 3*z**2 - 4*z - 60. List the prime factors of s(-6).
2, 3, 19
Suppose 18 + 111 = 3*v. Let m = v - 8. What are the prime factors of m?
5, 7
Suppose -3290 = -95*y + 90*y. List the prime factors of y.
2, 7, 47
Suppose 0 = -4*m - 0*m. Suppose m = -3*d, -4*j - 2*d + 195 = -j. List the prime factors of j.
5, 13
What are the prime factors of -7 - 1 - -5 - 19*-35?
2, 331
Let u(v) = -4*v**2 - 14*v + 5. Let g be u(-6). What are the prime factors of (g/10)/((-2)/4)?
11
Let b = 44 - 70. Let a = 3 - b. What are the prime factors of a?
29
Suppose -2*s - 4*s = -3042. Let n = -309 + s. List the prime factors of n.
2, 3, 11
Suppose 0 = k - 2, -u - k + 0*k = -2. Let s be 1*(u + 0 + 61). Let z = s + -34. List the prime factors of z.
3
Let w(i) = -2*i - 23. Let p be w(-13). Let c(u) = u**3 - u**2 - 4*u + 1. List the prime factors of c(p).
7
Let v(x) = -x**2 - 48*x + 99. What are the prime factors of v(-35)?
2, 277
Let p(k) = 5*k**2 + k**2 + 0*k**3 + 4 - k**3 - 5*k. Suppose 4*n - 215 = -199. List the prime factors of p(n).
2
Let r(v) = -20*v**3 - 12*v**2 + 4*v + 16. What are the prime factors of r(-5)?
2, 3, 61
Let s(z) = -z**3 + 4*z**2 - 5*z + 6. Let o be s(3). Let k(i) = i + 53. What are the prime factors of k(o)?
53
Suppose 0 = -624*t + 625*t - 823. List the prime factors of t.
823
Let c(o) = 2*o - o - 3*o**2 - 2*o**3 + 3*o + 3. Suppose 5*b - 1 = -16. What are the prime factors of c(b)?
2, 3
Suppose 27*y - 6673 = 1184. What are the prime factors of y?
3, 97
Let t(f) = f**3 - f**2 + 8*f + 13. Let z be t(-4). Let w = z - -172. List the prime factors of w.
73
Let z = -13 + 16. Suppose z*p = -2*p. Suppose 5*n - 5*l - 105 = -p*l, 5*n = -l + 81. What are the prime factors of n?
17
List the prime factors of 2295 - 40/(-4) - -1.
2, 1153
Let a(y) = 5*y + 142. Let l = 85 + -85. What are the prime factors of a(l)?
2, 71
Suppose 0 = -2*h - 1 - 17. Let t(n) = -n**3 - 11*n**2 - 18*n + 5. List the prime factors of t(h).
5
Let a be (1 - 2) + 0 + -1. Let s be 2/(a + 66/34). Let r = s - -65. What are the prime factors of r?
31
Let b(i) be the second derivative of i**5/20 + i**4/24 - i**3 + 7*i. Let q(n) be the second derivative of b(n). List the prime factors of q(1).
7
Let x be (-6)/(-27) + (-102)/(-27). Suppose 0 = -x*t + 5*q + 189, -q + 20 = -5*q. List the prime factors of t.
41
List the prime factors of 6*(1 + 708/9).
2, 239
Let l(i) = -i**3 + 5*i**2 + 6*i. Let c be l(6). Let u(v) = -v**3 - 12*v**2 - 12*v + 7. Let m be u(-11). Let o = m - c. List the prime factors of o.
2, 3
Let u(k) = 73*k + 7. Let d be u(5). Let j = -249 + d. List the prime factors of j.
3, 41
Suppose 6*n - 2893 = -823. List the prime factors of n.
3, 5, 23
Let d(a) = 361*a + 9. List the prime factors of d(2).
17, 43
Let r be (-12)/(3*5/10). Let v(z) = -5*z + 3. What are the prime factors of v(r)?
43
Let w = 43 + -47. What are the prime factors of (w - ((-228)/(-10) + 0))*-5?
2, 67
What are the prime factors of -3 + (1 - 1097)*3/(-6)?
5, 109
List the prime factors of ((-2)/2)/1*-1036.
2, 7, 37
Let i be 4 - (-3 - (-10)/(-5)). What are the prime factors of -1*1 - ((-8505)/i)/9?
2, 13
Let s be 4 + (-2 + -1)*-3. Suppose 3*j = c + s, j = -3*j - 2*c + 4. List the prime factors of j.
3
Suppose 6*c - 7*c = -5*c. Suppose -i + 48 + 74 = c. What are the prime factors of i?
2, 61
Suppose -10401 = -12*h - 105. List the prime factors of h.
2, 3, 11, 13
Suppose -19 + 72 = -2*r - p, 3*r = 4*p - 63. Suppose c = 4*a - 19, -3*a + 68 = 5*c + 25. List the prime factors of 3*a/9 - r.
3
Let p(l) = l**3 - 10*l**2 + 1. Let w be p(10). Let j(q) = 53*q - 2. List the prime factors of j(w).
3, 17
What are the prime factors of 165*((-20)/50)/((-4)/18)?
3, 11
What are the prime factors of (-19)/(513/(-9)) + 10856/3?
7, 11, 47
Let o = 2649 - 964. List the prime factors of o.
5, 337
Let y(u) be the first derivative of 15*u**2/2 + u - 4. What are the prime factors of y(1)?
2
Suppose -45*m - 6 = -48*m. Let s(q) = 20*q**2 + 2. What are the prime factors of s(m)?
2, 41
Suppose -4*s + 22 = 10. Suppose y = 2*m + s, 11 = -4*m - 5*y - 16. Let t(h) = -3*h - 2. What are the prime factors of t(m)?
7
Suppose 0*s = 2*s + 2*k + 24, 47 = -4*s - 5*k. Let f = 69 + s. List the prime factors of f.
2, 7
Suppose -4*u + 3*u - 4*w - 26 = 0, 2 = -w. What are the prime factors of ((-9)/u)/((3/348)/1)?
2, 29
Let l(n) = -5*n + 8. Let t = -29 - -58. Let d = t - 35. What are the prime factors of l(d)?
2, 19
Let k be 0 - (-1 + 0)/(-1). Let r be (4/(-10))/(k/(-15)). What are the prime factors of r/3 + 60/3?
2, 3
Suppose p - 16 = 5*p. Let t be p*((-5)/2 - -2). Suppose c - t*c = -13. List the prime factors of c.
13
Let y be (-9)/(-7) + 2/(-7). Suppose -y - 9 = -5*h. Suppose 22 + 0 = h*j. What are the prime factors of j?
11
Let a be 6/(-10) - (0 - 6/10). Let g = -43 + -11. List the prime factors of (a + -1)/(2/g).
3
List the prime factors of 7*6/84*2178.
3, 11
Let g(l) = -l**2 + 11*l - 26. Let u be g(6). Suppose -3*a - 4*o = 2*a - 185, -4*a - u*o + 152 = 0. List the prime factors of a.
3, 11
Let d(t) = -t**2 + t + 18. Suppose 2*z - 2 = 4. Suppose 0 = z*x - 0*x. List the prime factors of d(x).
2, 3
Suppose 3*v + 480 = i, -i + 4*v + 432 = -49. List the prime factors of i.
3, 53
Suppose -9*s - 1792 = -33688. What are the prime factors of s?
2, 443
Suppose 3*o = -3*y + 7656, y - 4*o = -2*y + 7628. List the prime factors of y.
2, 7, 13
Suppose -5 = -4*n - 3*d + 6, -3*n - 5*d = 0. What are the prime factors of (-1 - 5)*(-30)/n?
2, 3
Suppose 4*x + f - 16 = 0, 2*x - 5*f + 1 = 31. What are the prime factors of 527/x + 10/(-25)?
3, 5, 7
Suppose -2*y + 4 = -8. Let i be (y/2)/(-15)*-5. Suppose -2*p - 3*h - 6 = -i, 11 = p - 3*h. List the prime factors of p.
2
Suppose -3*f + 24 = 4*s, 19 - 20 = -3*s + 2*f. Suppose 5*h - 204 - 121 = 0. Suppose -s*o = 23 - h. What are the prime factors of o?
2, 7
Suppose -5*g + 3*g + 172 = w, 0 = -5*w - 4*g + 842. List the prime factors of w.
2, 83
Let s be ((-65)/78)/(1/(-6)). Suppose 21 = c - 2*c - s*j, -3 = -2*c - j. Suppose -4*r - 4*o + 40 = 0, -r + 8*o 